 is divided by t.
1
Let t be (4/(-3))/(3/(-9)). Let b = t - 4. What is the remainder when 8 is divided by 2 - (-3)/3 - b?
2
Let b(d) = -d**3 + 5*d**2 + 5*d + 8. Let h be b(6). Suppose -h*l + 16 = -0*l. What is the remainder when 23 is divided by l?
7
Let r = 3 + -3. Suppose 2*k = -r*k + 52. What is the remainder when k is divided by 14?
12
Let z(f) = -f**2 + 12*f + 1. What is the remainder when 62 is divided by z(10)?
20
Let j(m) = -3*m + m + 2*m - m**2 - 1 + 4*m. Calculate the remainder when 3 is divided by j(3).
1
Suppose h = -h + 74. Calculate the remainder when h is divided by 10.
7
Suppose 2 = -0*t - 2*t. Let a be t*2 - (-2 - 70). Suppose 4*l - a = -4*v - 30, 4*v - 2*l - 16 = 0. What is the remainder when v is divided by 4?
2
Suppose 5*h = -4*i + 210, -2*i - 29 = -h + 27. Suppose 10 = -3*z + h. What is the remainder when 22 is divided by z?
10
Let j = -12 + 14. What is the remainder when (14 - j)*(-7)/(-14) is divided by (6/9)/(1/6)?
2
Suppose -53 = -s + 3*l, -l - 204 = -4*s + 3*l. Suppose 0 = 3*v + 4*h - s, -2*h + 3*h = -3*v + 53. What is the remainder when 52 is divided by v?
16
Suppose 5*d - 4 = -14, -4*g = -5*d - 106. What is the remainder when 45 is divided by g?
21
Suppose 2*v - 126 = -90. Let z(m) = -17*m + 4. Let o be z(-6). Calculate the remainder when ((-2)/(-4))/(1/o) is divided by v.
17
Suppose 0 = -5*s - 25, 7 = -3*n + 5*n + 3*s. What is the remainder when n is divided by (4 + -1)*(-4)/(-4)?
2
Let o be 3/6 - 21/2. Let f = -6 - o. Suppose 0*t = f*t - 20. What is the remainder when t is divided by 3?
2
Let w(h) = h + 5. Let d be w(-4). Let u(m) = -1 + d - 8*m. What is the remainder when 23 is divided by u(-1)?
7
Let f = -23 + 38. Suppose 0 = i + 4*i + 135. Calculate the remainder when i/2*-1*2 is divided by f.
12
Suppose -4*u = -83 - 41. Suppose k = -0*h - 2*h + 8, 3*k + 5*h = 28. What is the remainder when u is divided by k?
15
Suppose 2*l + 15 = 5*l. What is the remainder when 17 is divided by 10/l + 2 + 2?
5
Let h(k) = 8*k**3 - 3*k**2 + 2*k + 1. Calculate the remainder when h(2) is divided by 29.
28
Let v(o) = o**3 - 16*o**2 - 15*o - 16. What is the remainder when 33 is divided by v(17)?
15
Let u = 29 - 18. Calculate the remainder when -14*((-18)/4)/3 is divided by u.
10
Suppose 3*w = 4*w - 7. Let z(v) = -4 - v + 3*v + 1. Calculate the remainder when 21 is divided by z(w).
10
Let v be (204/(-3))/(-6 - -5). Calculate the remainder when 65 is divided by (v/(-8))/(1/(-2)).
14
Suppose y - 14 = -0*y. Calculate the remainder when 26 is divided by y.
12
Suppose 0 = 2*x - 2 - 0. Let g be x/(10/9 + -1). Let f(m) = m**2 - 9*m + 3. Calculate the remainder when f(g) is divided by 1.
0
Calculate the remainder when 42 is divided by ((18/(-8))/3)/((-1)/12).
6
Suppose 3*p = 5*p - 18. Calculate the remainder when p is divided by ((-4)/(-10))/(1/10).
1
Suppose -4*b = -5*k + 2*k - 28, 12 = 3*k. Let n(q) = q**3 + q**2 - 6. Let t be n(0). Calculate the remainder when (16/t)/((-2)/21) is divided by b.
8
Let z(w) = -w**3 - w**2 - w + 28. Let v(k) = 0*k - k - 2 - 1. Let d be v(-3). Calculate the remainder when z(d) is divided by 10.
8
Let f = 8 - 2. Let p be (1 + (-52)/6)*-3. Let u = p - f. What is the remainder when u is divided by 9?
8
Suppose -4*z - 9 = -5*t + 6, 0 = 3*z + t - 3. Let p(l) = l**2 + 10. What is the remainder when p(z) is divided by 6?
4
Let q(a) = -a**2 - 2*a - 1. Let p be q(-1). Suppose 0*c + c - 36 = p. Let x = -46 + 65. What is the remainder when c is divided by x?
17
Let h = -80 + 92. Suppose -4*k - 37 = -5. Let s = k - -15. Calculate the remainder when h is divided by s.
5
Let m(q) = 2*q + 1. Let b be m(6). Suppose -2*z + b = -19. Calculate the remainder when 45 is divided by z.
13
Suppose -110 = -2*w + 6. What is the remainder when w is divided by 30?
28
Let v(f) = -f + 12. Calculate the remainder when v(-10) is divided by 12.
10
Let l be (4 - 7)*(-2 + 1). What is the remainder when 13 is divided by 4*l*(-15)/(-36)?
3
Let n = 142 + -51. What is the remainder when 44 is divided by (-15)/(-60) - n/(-4)?
21
Let m = 74 + -51. What is the remainder when m is divided by 6?
5
Suppose 9 = -n + 29. Calculate the remainder when 1/(-3) - 236/(-6) is divided by n.
19
Let b be (-1 + 3 - 2) + 2. What is the remainder when 63/b*(-4)/(-6) is divided by 12?
9
Let f be (-66)/(6/(-3)) - -1. Let d be 2/(-8) + f/8. Suppose -16 = d*a, 0 = -s - 2*s + 3*a + 81. Calculate the remainder when s is divided by 8.
7
Suppose -q = -5*q + 192. Calculate the remainder when q is divided by 10.
8
Let q(n) = n**2 - 8*n - 6. Let c(t) = 6*t**2 - 41*t - 30. Let o(p) = 2*c(p) - 11*q(p). Calculate the remainder when (-39)/(-4) - 1/(-4) is divided by o(-6).
4
Let c = -27 + 14. Let r = c + 34. What is the remainder when r is divided by (-6)/(4/((-48)/9))?
5
Let s(u) = 2*u**2 + 5. What is the remainder when 147 is divided by s(-4)?
36
Suppose -3*l - 160 = -2*h - 3*h, -53 = -2*h - l. Calculate the remainder when 83 is divided by h.
25
Suppose -m + 4*p + 15 = 0, -3*m + m - 3*p = -30. What is the remainder when 34 is divided by m?
4
Let k(s) = -2*s + 16. What is the remainder when 10 is divided by k(5)?
4
Let s = 195 - 121. What is the remainder when s is divided by 15?
14
Let c be (-4)/(-6)*(0 - 3). Let h = -49 - -81. Calculate the remainder when h is divided by (110/4)/(-5)*c.
10
Let t be 11 + (1 - 9/3). Suppose -o = -4*o + t. Calculate the remainder when 10 is divided by o.
1
Let a(j) = j - 6. Let d be a(8). Suppose 0*b - 3*b = -2*h - 164, 2*b - 106 = d*h. What is the remainder when b is divided by 30?
28
Let w = 3 - -2. Suppose -w*z - 2*o + 31 = -5*o, 5*z = -4*o + 17. Calculate the remainder when (6/9)/(2/57) is divided by z.
4
Let h(t) = t**3 + 3*t**2 + 2. Let p be h(-3). Suppose 29 = 3*i - p*i. Calculate the remainder when i is divided by 10.
9
Suppose -14 - 116 = -5*u + 2*j, -15 = -3*j. Let l = 198 - 115. What is the remainder when l is divided by u?
27
Suppose 3*d + 0*d + 31 = 2*u, 4*d - 12 = 0. Calculate the remainder when u is divided by 8.
4
Suppose 4*r = -q + 166 - 58, -4*r = 4*q - 108. Let u(c) = c + 4. What is the remainder when r is divided by u(6)?
7
Let c(y) = y**2 - 4*y - 2. Suppose l = -l + 8. Calculate the remainder when c(6) is divided by l.
2
Let j be (-2)/7 + 520/56. Let t be (2 - j)*2 - -1. Let f = -2 - t. What is the remainder when f is divided by 6?
5
Let j = -14 - -23. Let h be (-1)/(-2)*(-2 + 2). Let a(y) = -y + 25. Calculate the remainder when a(h) is divided by j.
7
Let x(s) = 0*s**3 + s - 3 - 6*s - 3*s**2 + s - s**3. What is the remainder when 26 is divided by x(-3)?
8
What is the remainder when 149 is divided by (76/6)/((-3)/(-9))?
35
Let o = -6 + 8. Calculate the remainder when (4/6)/((-4)/(-258)) is divided by (-7 + 2)*(-1 - o).
13
Suppose -10*w + 323 = 73. Let v(f) = -f**3 + 5*f**2 - 5*f + 4. What is the remainder when w is divided by v(3)?
4
Let m(t) = 3*t + 38. Calculate the remainder when m(7) is divided by 31.
28
Let n(y) = -y**3 - 5*y**2 + y + 5. Let z be n(-5). Let f be (5 + -14)*(-16)/6. Suppose z*l = -4*l + f. Calculate the remainder when 17 is divided by l.
5
Suppose 6*h - 2*h - 16 = 0, 3*h = -3*t + 36. What is the remainder when 23 is divided by t?
7
Let s = -18 + 45. Calculate the remainder when 78 is divided by s.
24
Suppose 0 = h - 25 - 11. Suppose -h = -k - k. Calculate the remainder when 69 is divided by k.
15
Suppose -81 = 5*c - 256. Calculate the remainder when c is divided by 12.
11
Let w(f) = 2*f - 4. Let d be w(8). What is the remainder when (63/d)/1*4 is divided by 12?
9
Suppose 0 = -3*t - 0*t + 15. Suppose 5*y - 25 = -t*a, a - 6*a = -5*y - 65. What is the remainder when 17 is divided by a?
8
Let z be 2/8 - (-11)/4. Suppose -o = -0*o + 3*q - 55, -5*o + z*q = -311. Suppose 0 = 3*l - 0*l - 63. What is the remainder when o is divided by l?
19
Calculate the remainder when (-18)/12*82*(-4)/6 is divided by 42.
40
Suppose -24 = -j - j. Let a be ((-9)/6)/((-1)/j). Let b = a - 13. What is the remainder when 8 is divided by b?
3
Suppose -2*r + r = -3*x - 17, -5*r - x = -21. Calculate the remainder when 28 is divided by r.
3
Let v = -61 + 64. Suppose 0 = t + 3*s - 17, -5*t + 2*s - 3 = -4*t. What is the remainder when t is divided by v?
2
Suppose -3*x + j = 2*j - 309, 0 = -4*x + j + 419. What is the remainder when x is divi